et i(x) = -x**3 + 6*x**2 - x + 3. Let d(m) = -m**2 + 8*m + 5. Let z be d(8). Suppose 5*b + 1 = z*j + 6, 0 = -5*j + 25. Calculate i(b).
-3
Let d(h) be the first derivative of -5*h - 30 - 3/2*h**2. Give d(-5).
10
Let l(k) = -3*k**2 + 11*k - 3. Let d(v) = v**2 - v + 4. Let o(y) = 2*d(y) + l(y). Determine o(9).
5
Let y(v) = 4*v + 4. Suppose -i - i - 3*w + 21 = 0, i = w + 3. What is y(i)?
28
Let x(u) = -3*u**3 + 26*u**2 + 9*u - 2. Let v(d) = -d**3 + 9*d**2 + 3*d - 1. Let j(a) = 17*v(a) - 6*x(a). Let k = 22 + -18. Give j(k).
-1
Let f(h) = 4*h**2 + 29*h + 10. Let l be f(-7). Suppose 4*o + 11 = 3*r, -3*r + l = -3*o - 6. Let x(c) = -6*c + 1. Calculate x(r).
-5
Let i(g) be the second derivative of g**4/6 + g**3/6 + 309*g + 3. Suppose w - 10 = -4*w. Give i(w).
10
Suppose 30*g - 220 = 25*g. Let z = g - 42. Let y(j) = -5*j**2 + 2*j. Determine y(z).
-16
Let r(k) = -k. Suppose -3*m - 2*z - 19 = -4*z, -11 = -m + 5*z. Give r(m).
9
Let h = -774 + 772. Let m(p) = 0*p**3 - p**3 - 2 + 3*p - p + 5. Give m(h).
7
Let i(g) = g**3 - g**2 + 3*g + 3. Let a be (2 - -2)*(-3)/3. Let w(d) = d**2 + 1. Let z(b) = a*w(b) + i(b). Determine z(4).
-5
Let m(f) = f**2 - 8*f - 1. Let j = -283 + 287. Give m(j).
-17
Suppose -5*q + 30 = -0*q. Let l be 65/25 - 6/10. Let c(p) = -6*p - l + 12 - 5*p**2 + 1 - 8 + p**3. Determine c(q).
3
Suppose 2*a = 5*h - 2, -2*h - 3 = a - 5*h. Let x(l) = l**3 - 10*l**2 + 10*l. What is x(a)?
9
Let j(r) = 0 + r - 5 + 6. Let f be 14/(-6) - (-24)/(-36). Give j(f).
-2
Suppose 0 = 4*v + 4*w + 428, -4*w + 508 = -3*v + 152. Let c = -100 - v. Let d(s) = s**3 - 11*s**2 - 11*s - 12. Calculate d(c).
0
Let g(o) = -6*o**3 + 7*o**2 + 6*o - 4. Let h be -8 + 11 - (1 - -3). Let b(n) = -n**3 + n**2 + n - 1. Let c(v) = h*g(v) + 5*b(v). What is c(3)?
5
Let g(d) be the second derivative of -d**4/12 - d**3/2 - d**2 - 9*d - 4. What is g(-5)?
-12
Let g(l) = l**3 - l**2 - 5*l - 2. Suppose 0 = 4*b - 3*h + 12, 5*b + 5*h - 22 = -37. What is g(b)?
-23
Suppose -2*r - 7*r = -45. Let b(j) = -r*j**2 + 8*j**2 - 2*j**2 - 5*j. Determine b(5).
0
Let m(l) = -3*l**3 + 7*l**2 - 3*l - 3. Let t(s) = -8*s**3 + 20*s**2 - 9*s - 8. Let o(c) = 11*m(c) - 4*t(c). Give o(-4).
3
Let t = -577 - -574. Let w(y) = -y**3 + 2. Determine w(t).
29
Let j(i) be the first derivative of i**4/4 + 13*i**3/3 + 13*i**2/2 + 7*i - 21. Determine j(-12).
-5
Suppose -7 = r + 5*s, 4 = 4*r + 4*s - 0*s. Let t(j) be the first derivative of 0*j + 1/2*j**2 + 2/3*j**r - 5. Give t(1).
3
Let f(v) be the third derivative of -1/12*v**4 + 0 + 0*v - 5*v**2 + 5/6*v**3. Let t(n) = -1. Let i(b) = f(b) + 6*t(b). Determine i(6).
-13
Let u(o) = -o**2 + 5*o - 1. Let k(s) = s. Let j(m) = -5*k(m) + u(m). Suppose 30 - 24 = -3*q. Let w be -1 - (-3 + 2 + q + 4). Calculate j(w).
-5
Let p be 2 + (1 - 1) - -1. Let u(q) = -172*q + 55*q + 53*q + 65*q + 0 + 2. What is u(p)?
5
Let w(z) = z**2 - 7*z + 1. Let n(v) = -v**2 + 15*v - 47. Let o be n(9). Calculate w(o).
1
Suppose -4*t = t. Suppose -12 = 5*q + 13, t = 2*h - 4*q - 24. Suppose -h*f - f = -15. Let i(m) = m**2 - 7*m - 1. Give i(f).
-11
Suppose -8*j = -7*j - 110. Let w = -75 + j. Let o be 4*(w/4)/7. Let u(v) = -2*v + 3. Calculate u(o).
-7
Suppose 4*g - 5*g = -3. Let b = 52 - 49. Let d(n) = 5*n + b + 4*n - 12*n. What is d(g)?
-6
Let n(a) = a - 6. Let h(g) = 2*g**3 - 29*g**2 - 17*g + 21. Let d be h(15). Determine n(d).
-15
Let j(v) = v**2 + v + 6 - 3 - 2*v**2 - 4. Let g(w) = 16*w**2 - 3*w + 2. Let o(y) = -g(y) - 3*j(y). What is o(1)?
-12
Let h(o) = -2*o + 8. Suppose -55 = -19*k + 21. Calculate h(k).
0
Let l(o) = -2*o**2 - o**2 + 2*o**2 + 2331*o - 3 - 1 - 2325*o. What is l(4)?
4
Let a be 26*(190/(-20) + 9). Let w(l) = -l**2 - 14*l - 17. Determine w(a).
-4
Let l be (-4)/(-6) + 18/(-27). Let h(w) = 2*w - 3*w + l*w + 6. What is h(-6)?
12
Let c(h) = -10*h**3 - 41*h**2 + 22*h - 2. Let p(l) = 5*l**3 + 19*l**2 - 10*l + 1. Let v(s) = -6*c(s) - 13*p(s). What is v(-1)?
5
Suppose -3*g = -4*q + 11, -12 = 48*q - 53*q + 2*g. Let k(v) be the third derivative of 1/10*v**5 + 0 - 11*v**q + 0*v**3 + 0*v + 1/24*v**4. What is k(1)?
7
Let l(b) be the third derivative of b**5/60 - b**4/12 + 4*b**3/3 + 5*b**2. Let k be l(5). Let a(t) = -t**2 + k*t + 0*t**2 - 25*t - 1. Give a(-3).
-4
Let h(v) = -5*v + 11. Let s(g) = -10*g + 20. Let b(t) = 7*h(t) - 4*s(t). What is b(-5)?
-28
Let w(s) = 9*s**2 - 1. Let f(m) = m - 2. Let l(d) = -2*f(d) + w(d). Give l(2).
35
Let r(k) = -4*k**3 + 2*k**2 - 3*k - 8. Let u(a) = 7*a**3 - 3*a**2 + 6*a + 13. Let l(z) = -5*r(z) - 3*u(z). Give l(-3).
28
Let z = -766 - -758. Let k(h) = h + 14. Give k(z).
6
Let z(g) = g**2 - 9*g + 4. Let b(l) = -l**3 - 3*l**2 + 4*l + 4. Let k be b(-5). Suppose 4*h - k - 23 = 5*n, -9 = -3*h - 3*n. Determine z(h).
-4
Suppose -4*b - 6 + 27 = n, -4*b + 2*n + 18 = 0. Suppose b*g = g + 12. Let l(x) = x**3 - x**2 - 2*x - 4. Calculate l(g).
8
Suppose -2*z - 5*r + 16 = -r, -z + r - 4 = 0. Let l(x) = 6*x**3 - 6*x**2 - 16*x - 16. Let s(p) = p**3 - p**2 - 3*p - 3. Let m(u) = -2*l(u) + 11*s(u). Give m(z).
-1
Let n(l) be the third derivative of 0*l**3 - 3/20*l**5 + 0*l - 6*l**2 - 1/24*l**4 + 0. Suppose x + 4*r = -21, -39 = 3*x + 5*r - 11. Calculate n(x).
-8
Let s(n) be the third derivative of -n**6/120 - n**5/6 - 5*n**4/12 + 5*n**3/6 - 88*n**2. What is s(-9)?
14
Let h(r) = -2*r + 7. Suppose -25 = -5*a, 2*b + 20 = 7*b + 4*a. Let n = b - -4. Let o = n + 2. What is h(o)?
-5
Let u(f) = 25*f**3 - 4*f**2 + 2*f. Let i be u(1). Let v = -19 + i. Let p(d) = -d**3 + 3*d**2 + 4*d - 4. Determine p(v).
-4
Let q(j) = -7*j**2 + 2*j - j**3 + 4 + 6*j**2 + 7*j**2 - 3*j**2 - j**2. Give q(3).
1
Suppose -t = 5*n - 29, 3*t + t - n = 11. Let s(q) = 1 - 85*q**2 + 5 - 87*q**2 + q**3 + 169*q**2 - 6*q - q. Calculate s(t).
-6
Let p(n) = n**3 - 7*n**2 + 6*n + 2. Suppose -m + 15 = -6*m. Let c be m - (0 + 2 + -5). Suppose 3*x + 2 - 20 = c. Determine p(x).
2
Let f(v) = v**3 - v**2 + v. Let y = -7 - -3. Let x be 5/(y - -2 - -3). Let z(l) = -3*l**3 + 2*l**2 - 4*l. Let c(a) = x*f(a) + z(a). Determine c(2).
6
Let p(v) = -50*v - 9 - 50*v + 101*v. Calculate p(9).
0
Suppose -3*c - 2*q - 3*q = 191, -20 = 5*q. Let k = c + 60. Let b(i) be the second derivative of i**3/6 - 2*i**2 - 2*i. What is b(k)?
-1
Let w(b) = -b + 0*b**2 + 6*b**2 - 3 + b**3 - 6*b + 0*b. Determine w(-7).
-3
Let o(u) = 5*u + 1. Let a be o(1). Let t(y) = -y**2 + 3*y + 3. What is t(a)?
-15
Let g(p) = p**2 - 8*p + 6. Suppose 0 = c - 5*c - 3*v + 24, -5*c = -2*v - 7. Suppose y + 3*z - 1 + 8 = 0, -5*y + 13 = c*z. Calculate g(y).
-9
Let l(x) be the second derivative of -1/12*x**4 + 6*x - 1/15*x**5 - 1/120*x**6 + x**2 + 0 + 1/6*x**3. Let k(b) be the first derivative of l(b). What is k(-3)?
-2
Let h(c) = 3*c - 4. Let q be 8/2 + (19 - 19). Give h(q).
8
Let w(n) = -5*n**3 - 6*n**2 - 12*n - 27. Let q(p) = -2*p**3 - 2*p**2 - 4*p - 10. Let a(z) = 8*q(z) - 3*w(z). What is a(3)?
4
Let y(p) = 13*p**3 - 17*p**2 + 8*p + 18. Let f(s) = -11*s**3 + 17*s**2 - 9*s - 18. Let v(q) = 6*f(q) + 5*y(q). Determine v(16).
14
Suppose 0 = -13*c + 21*c. Suppose 2 = 2*s + 3*m, c = -5*s + 3*m - 23 + 7. Let t(l) = -l**3 - l**2 - l - 1. Calculate t(s).
5
Let n = 170 + -165. Let p(l) = l**3 - 4*l**2 - 3*l + 4. Give p(n).
14
Let r(s) be the first derivative of -1/6*s**3 + 0*s - 1/3*s**4 + 6 - s**2. Let p(u) be the second derivative of r(u). What is p(1)?
-9
Let q(h) = -2*h - 6. Let w = 56 + -62. Let o(d) = -d**3 - 7*d**2 - 6*d - 7. Let c be o(w). What is q(c)?
8
Let h(x) = 6*x + 10*x + 2 - x**2 - 9*x. Calculate h(7).
2
Let m(v) = 2*v**2 + 11*v + 1. Let k(y) = y**2 - 7*y + 4. Let r be k(5). Let w be m(r). Let n(t) = -t**2 + 8*t - 6. What is n(w)?
1
Let s(n) be the third derivative of -n**4/24 - n**3/3 - 80*n**2. Let m = 3 - 6. Determine s(m).
1
Let j(v) = 18*v - 6*v + 2 - 13*v. Let g be (7 - 0) + 2 - -1. Suppose 0*q + 5*q - g = 0. What is j(q)?
0
Suppose r = -3*b - 124, -r = 2*b + 6 + 77. Let c = 36 + b. Let l(i) = -i**2 - 5*i + 3. Determine l(c).
3
Let x(s) be the first derivative of -3*s**4/2 - s**3/3 + s**2/2 - 2*s - 51. Give x(1).
-8
Let a = -220 + 491. Let w(u) = 4 - a*u + 137*u + 5 + 135*u. Calculate w(-6).
3
Let o(s) be the third derivative of -s**6/360 + s**5/30 + s**4/4 - 17*s**3/6 - 8*s**2. Let f(c) be the first derivative of o(c). Calculate f(5).
1
Suppose 12 = 3*i - 3. Suppose -3*c - q = 2*q 